8 (base 15) to base 3.
212
What is 11 (base 13) in base 12?
12
-e (base 16) to base 9
-15
What is 1 (base 8) in base 7?
1
What is -2 (base 16) in base 12?
-2
What is 162 (base 9) in base 12?
b5
What is 20 (base 4) in base 3?
22
What is -12 (base 3) in base 12?
-5
Convert 96 (base 14) to base 15.
8c
What is -266 (base 7) in base 16?
-92
What is 410 (base 5) in base 15?
70
Convert -21 (base 7) to base 8.
-17
What is -61 (base 12) in base 15?
-4d
What is 23 (base 15) in base 2?
100001
What is -21 (base 11) in base 10?
-23
Convert -1 (base 5) to base 13.
-1
What is 6e (base 15) in base 5?
404
24 (base 5) to base 2
1110
12 (base 7) to base 10
9
What is -3 (base 15) in base 14?
-3
2 (base 15) to base 9
2
What is 424 (base 5) in base 12?
96
-1 (base 3) to base 11
-1
What is 75 (base 9) in base 8?
104
What is -110 (base 2) in base 14?
-6
1 (base 2) to base 14
1
6 (base 8) to base 3
20
Convert -84 (base 16) to base 15.
-8c
-73 (base 8) to base 5
-214
520 (base 6) to base 13
11a
Convert 15 (base 7) to base 13.
c
-33 (base 5) to base 6
-30
What is 7 (base 9) in base 2?
111
What is 3 (base 9) in base 4?
3
Convert 0 (base 4) to base 16.
0
What is 3 (base 11) in base 7?
3
-b (base 13) to base 7
-14
What is -d (base 15) in base 16?
-d
What is -33 (base 7) in base 2?
-11000
What is -7a (base 15) in base 7?
-223
-2 (base 8) to base 14
-2
Convert 4 (base 10) to base 3.
11
What is 17 (base 14) in base 9?
23
-344 (base 6) to base 16
-88
What is -7 (base 8) in base 5?
-12
What is -30 (base 14) in base 8?
-52
2 (base 16) to base 2
10
Convert 0 (base 3) to base 15.
0
Convert 106 (base 7) to base 10.
55
2 (base 3) to base 10
2
What is 15 (base 9) in base 16?
e
What is -3d (base 14) in base 3?
-2001
What is 15 (base 8) in base 14?
d
342 (base 7) to base 16
b1
Convert -16 (base 7) to base 9.
-14
Convert -352 (base 6) to base 3.
-12012
121 (base 10) to base 15
81
What is -3 (base 11) in base 3?
-10
-1 (base 8) to base 11
-1
-20 (base 11) to base 6
-34
Convert 15 (base 12) to base 5.
32
Convert 4 (base 12) to base 6.
4
What is -3 (base 12) in base 3?
-10
What is -3 (base 15) in base 4?
-3
Convert -3 (base 6) to base 10.
-3
-4 (base 14) to base 15
-4
-4e (base 15) to base 3
-2202
What is 1 (base 11) in base 6?
1
18 (base 16) to base 5
44
Convert -21 (base 4) to base 8.
-11
What is 47 (base 10) in base 11?
43
-4 (base 15) to base 8
-4
-5 (base 15) to base 11
-5
What is 9 (base 12) in base 13?
9
What is 1 (base 3) in base 5?
1
13 (base 5) to base 6
12
30 (base 5) to base 9
16
What is -443 (base 5) in base 11?
-102
Convert -3 (base 13) to base 4.
-3
10001 (base 3) to base 7
145
42 (base 11) to base 14
34
Convert -33 (base 8) to base 6.
-43
-1b (base 13) to base 2
-11000
332 (base 10) to base 16
14c
5 (base 10) to base 12
5
Convert 1e (base 15) to base 2.
11101
What is 2 (base 11) in base 15?
2
Convert 2 (base 11) to base 13.
2
What is 12 (base 12) in base 7?
20
What is 9b (base 12) in base 5?
434
-1b (base 15) to base 5
-101
-1 (base 15) to base 3
-1
What is 72 (base 9) in base 16?
41
Convert 17 (base 11) to base 15.
13
Convert -d2 (base 14) to base 6.
-504
Convert 11010 (base 2) to base 13.
20
Convert 26 (base 10) to base 14.
1c
27 (base 9) to base 10
25
Convert -16 (base 16) to base 13.
-19
0 (base 15) to base 2
0
What is 14 (base 12) in base 14?
12
1110 (base 3) to base 14
2b
What is 6 (base 12) in base 6?
10
What is -41 (base 16) in base 5?
-230
Convert 3 (base 13) to base 4.
3
-2 (base 13) to base 11
-2
Convert 10 (base 9) to base 7.
12
121 (base 4) to base 8
31
What is -246 (base 8) in base 3?
-20011
Convert -24 (base 7) to base 12.
-16
Convert -23 (base 9) to base 6.
-33
Convert 0 (base 16) to base 13.
0
Convert 1 (base 8) to base 9.
1
What is -4 (base 11) in base 4?
-10
0 (base 2) to base 7
0
What is 30 (base 14) in base 12?
36
What is 120 (base 3) in base 12?
13
Convert 415 (base 8) to base 11.
225
-101 (base 2) to base 16
-5
Convert 1c (base 15) to base 12.
23
-3 (base 15) to base 5
-3
-54 (base 6) to base 11
-31
4 (base 14) to base 11
4
10 (base 7) to base 2
111
Convert -1 (base 7) to base 14.
-1
What is 0 (base 9) in base 12?
0
Convert 4 (base 6) to base 3.
11
What is -47 (base 9) in base 2?
-101011
-3 (base 4) to base 16
-3
Convert -111 (base 11) to base 10.
-133
Convert 0 (base 10) to base 6.
0
What is 85 (base 12) in base 2?
1100101
-14 (base 7) to base 13
-b
What is 1010000 (base 2) in base 3?
2222
What is -23 (base 5) in base 7?
-16
-3 (base 6) to base 7
-3
What is -99 (base 12) in base 8?
-165
16e (base 16) to base 15
196
Convert -10 (base 3) to base 12.
-3
What is 9 (base 14) in base 2?
1001
What is -105 (base 9) in base 4?
-1112
What is 3 (base 7) in base 2?
11
Convert -10120 (base 3) to base 13.
-75
What is -14 (base 6) in base 2?
-1010
What is -3 (base 6) in base 4?
-3
What is 1 (base 11) in base 9?
1
123 (base 5) to base 10
38
1121 (base 3) to base 8
53
What is 24 (base 9) in base 16?
16
91 (base 12) to base 7
214
What is 28 (base 15) in base 8?
46
1020 (base 3) to base 6
53
Convert 2 (base 8) to base 2.
10
Convert -2 (base 16) to base 5.
-2
51 (base 6) to base 16
1f
What is -21 (base 12) in base 6?
-41
Convert 11 (base 4) to base 15.
5
What is -100100 (base 2) in base 10?
-36
What is 77 (base 10) in base 13?
5c
Convert 250 (base 6) to base 12.
86
Convert 104 (base 9) to base 15.
5a
What is 1011 (base 3) in base 7?
43
Convert 0 (base 15) to base 3.
0
Convert 101002 (base 3) to base 8.
420
What is 7 (base 12) in base 16?
7
1221 (base 3) to base 15
37
-21 (base 6) to base 15
-d
-9b (base 14) to base 12
-b5
Convert -1 (base 9) to base 16.
-1
Convert -2 (base 15) to base 11.
-2
What is 1000011 (base 2) in base 9?
74
Convert -1 (base 2) to base 10.
-1
Convert 18 (base 11) to base 12.
17
What is 5 (base 9) in base 4?
11
Convert -159 (base 10) to base 14.
-b5
-4 (base 16) to base 9
-4
27 (base 10) to base 9
30
176 (base 9) to base 15
a0
Convert 2212 (base 3) to base 15.
52
23 (base 5) to base 14
d
Convert -322 (base 6) to base 2.
-1111010
Convert 5 (base 13) to base 14.
5
What is -1 (base 8) in base 12?
-1
Convert d4 (base 15) to base 2.
11000111
-84 (base 14) to base 13
-8c
-12 (base 16) to base 3
-200
-101000 (base 2) to base 5
-130
Convert -21 (base 10) to base 5.
-41
Convert 23 (base 14) to base 10.
31
2 (base 8) to base 13
2
What is 1 (base 14) in base 15?
1
172 (base 8) to base 11
101
Convert 10012 (base 3) to base 6.
222
What is -12 (base 5) in base 12?
-7
35 (base 7) to base 13
20
What is 17 (base 8) in base 16?
f
Convert 10 (base 9) to base 11.
9
Convert -10011 (base 2) to base 7.
-25
What is -11111 (base 2) in base 13?
-25
Convert 1011 (base 2) to base 4.
23
Convert 6 (base 10) to base 8.
6
Convert 1 (base 14) to base 12.
1
2 (base 6) to base 13
2
Convert -6 (base 13) to base 16.
-6
20 (base 11) to base 12
1a
What is -3 (base 5) in base 4?
-3
What is -235 (base 10) in base 15?
-10a
0 (base 15) to base 10
0
200 (base 3) to base 16
12
Convert 1c (base 16) to base 12.
24
0 (base 15) to base 9
0
-a3 (base 12) to base 9
-146
What is 10 (base 5) in base 2?
101
Convert -11 (base 15) to base 9.
-17
Convert -2010 (base 3) to base 6.
-133
2 (base 11) to base 6
2
-1010000 (base 2) to base 14
-5a
-9 (base 10) to base 9
-10
Convert 10d (base 15) to base 4.
3232
Convert a (base 13) to base 9.
11
23 (base 16) to base 13
29
What is -259 (base 10) in base 8?
-403
-274 (base 9) to base 4
-3211
10 (base 4) to base 7
4
What is 4 (base 12) in base 8?
4
-122 (base 6) to base 4
-302
What is -1101110 (base 2) in base 15?
-75
What is -100 (base 3) in base 16?
-9
-4 (base 9) to base 12
-4
Convert -20 (base 8) to base 10.
-16
25 (base 13) to base 15
21
-2 (base 3) to base 4
-2
Convert -125 (base 7) to base 14.
-4c
Convert -1 (base 12) to base 6.
-1
-1112 (base 3) to base 7
-56
What is -7 (base 11) in base 12?
-7
-6d (base 14) to base 5
-342
What is -1404 (base 6) in base 4?
-11230
What is -6 (base 7) in base 12?
-6
-4 (base 7) to base 8
-4
29 (base 15) to base 8
47
-2b (base 14) to base 2
-100111
-1 (base 5) to base 10
-1
What is 57 (base 13) in base 8?
110
Convert -19 (base 13) to base 4.
-112
-222 (base 3) to base 7
-35
Convert -14 (base 15) to base 10.
-19
Convert aa (base 16) to base 15.
b5
Convert 20 (base 8) to base 2.
10000
Convert -1001000 (base 2) to base 13.
-5